1
Let h(w) = 13*w + 4. What is the tens digit of h(4)?
5
Suppose 5*f + 465 = 8*f. What is the hundreds digit of f?
1
Suppose -3*p - p = 0. Let k(t) = -t**2 + 3*t - 2. Let m(r) = -r + 1. Let o(d) = k(d) + 4*m(d). What is the units digit of o(p)?
2
Suppose -10 = 3*r + 2*r. Let f be 2 - (2 + -5 - r). Suppose -4*v - 4*d = -3*d - 9, -3*v - f*d = 0. What is the units digit of v?
3
Suppose 0 = -2*d - d + 63. Suppose d = 6*t - 3*t. What is the units digit of t?
7
What is the units digit of 4/7 + 36/(-14)*-111?
6
Let h(k) = k**3 - 7*k**2 + 3*k - 4. Let n be 9 - (2 - -3 - 3). What is the units digit of h(n)?
7
Let w(g) = 9*g + 2. Let u be (21/6 - 2)*4. Suppose 4*q - 2 - u = 0. What is the units digit of w(q)?
0
Suppose 6*j - 3*j - 6 = 0. Suppose -n + 7 = j. What is the units digit of n?
5
Let m = 4 + -3. What is the units digit of (-1)/((-1 - m)/6)?
3
Let c(o) = o - 1. Let k(p) = -p + 4. Let y be k(4). Let n be c(y). What is the units digit of ((-6)/21)/(n/7)?
2
Let b = -1 - 5. Suppose s = 2*s - 10. Let y = s + b. What is the units digit of y?
4
Suppose -m + 6*m + 13 = -3*g, 3*g - 2 = -2*m. Let b be (-1 - -2) + 128/g. Suppose 2*r + r - b = 0. What is the units digit of r?
1
Let m = -17 + 7. Suppose 4*x - 2 = 62. Let z = x + m. What is the units digit of z?
6
Suppose 29*w = 33*w - 144. What is the tens digit of w?
3
Let s(p) = p + 2. What is the units digit of s(15)?
7
Suppose 0 = -b - 2*z - 7, 16 = -3*z - z. Let d be 30/2*(b + 0). Suppose 5*m = 5*c + d, -8*m + 21 = 5*c - 4*m. What is the units digit of c?
1
Suppose -w + 113 = 4*h - 120, -178 = -3*h - 4*w. What is the tens digit of h?
5
Let c(x) = 8*x**2 - 1. Let z be c(-1). Let j = z + -19. What is the tens digit of (j/(-8))/((-6)/(-40))?
1
Let x(r) = 6*r**2 + 3*r + 6. Let t be x(-3). Suppose 2*m - t = 25. What is the units digit of m?
8
Suppose 0 = 5*o - 2*a + 3*a - 23, -o = 2*a - 1. Let y = o - 2. What is the units digit of (1/y)/(1/3)?
1
Let b(p) = -9*p**3 + p**2 + 2*p + 5. What is the units digit of b(-2)?
7
Let s(l) = -4*l**2 - 4*l - 2. Let w(g) = 9*g**2 + 9*g + 4. Let y(v) = -5*s(v) - 2*w(v). What is the tens digit of y(-3)?
1
Let q(k) = -k**3 - 11*k**2 + 14*k + 16. Let r be q(-12). Let a = 27 + r. What is the tens digit of a?
1
Suppose 5*y = -13 + 218. Let o = -29 + y. What is the units digit of o?
2
Let g be -1 + 58 - (2 - 4). Suppose -2*j + 5 = -g. What is the units digit of j?
2
Let u(l) = -l**2 - 2*l + 2. Let s be u(-4). Suppose -8*o + 3*o - r = 22, o = 2*r - 11. Let f = o - s. What is the units digit of f?
1
Let f be 150/22 - (-4)/22. Let b = f + 9. What is the tens digit of b?
1
Let k = -34 - -23. Let g = k + 18. What is the units digit of g?
7
Suppose 2*s + 2*s = 20. Suppose 3*b - s = 4*u + 9, -2*b + u = -6. Suppose 0*i - b*i = -20. What is the units digit of i?
0
Let j be 1/(-3*3/(-99)). Let d = 3 + j. What is the tens digit of d?
1
Let p(q) = 8*q - 2. Let k = 3 + 0. What is the tens digit of p(k)?
2
Let b(d) = -2*d**2 + 4*d - 2. Let i be b(2). Let p = i + 2. Suppose p = -5*t + 5, 4*t - 34 = 2*w - 7*w. What is the units digit of w?
6
Suppose -3*i - 2 = 7. Let x be (-2)/i - 28/(-12). Suppose -6 = -x*c - 0*c. What is the units digit of c?
2
Let k(s) = -1 - 2*s - 13*s**3 + 2 + s**2 + 5*s - s. What is the units digit of k(-1)?
3
Suppose -2*p - 5 = -0*p + v, 4 = -p - v. Let b = p - -5. Suppose -11 = -b*g + 1. What is the units digit of g?
3
What is the units digit of 6 + -3 + (-4 - -2)?
1
Let w(f) = 3*f + 2. Let c be w(2). Let h be (-2)/(-8) - (-78)/c. Let x = h + -5. What is the units digit of x?
5
Let j = 153 - 75. What is the tens digit of j?
7
Let u = 7 - 2. Suppose 2*l = -5*a + 184, u*a - 152 - 26 = -4*l. What is the units digit of a?
8
Let m = -33 - -121. Suppose -4*p = p + 2*z - m, -4*p + 80 = 4*z. What is the tens digit of p?
1
Suppose -2*z + 5*z = 5*y + 10, -z - y + 6 = 0. What is the units digit of z?
5
Suppose -9*s - 16 = q - 5*s, 3*q - 3*s - 12 = 0. Suppose -11 + 3 = -4*b. Suppose 0 = -2*l + b*o + 14, -4*l - o - o + 10 = q. What is the units digit of l?
4
Suppose 4 = -4*i, -3*i - 36 = -o + 2*i. What is the units digit of o?
1
Let a(l) = -l**2 + 5*l + 4. Let p = 9 + -6. What is the units digit of a(p)?
0
Let d(k) = -k**3 - 10*k**2 - 8*k - 8. Let t be d(-9). Let m = 30 + t. What is the units digit of m?
3
Let w be 2676/(-15) + (-4)/(-10). Let u be 1/6 + w/(-12). What is the units digit of (-3)/(-6) + u/2?
8
Suppose -12 + 69 = 3*y. What is the units digit of y?
9
Let b = -22 + 25. What is the units digit of b?
3
Let i be 3*1*(-15)/9. Let s = -3 - i. What is the units digit of s?
2
Let z = -9 + 30. Let i be (-3)/6 - 34/(-4). What is the units digit of (-2)/i - z/(-4)?
5
Suppose 4*u + 6 = 5*d + 43, -4*d = -3*u + 27. What is the units digit of u?
3
Suppose -4*l + l + 96 = 0. What is the tens digit of l?
3
Let x = -14 + 40. Let y = x + -14. What is the units digit of y?
2
Let o be ((-4)/5)/(2/(-5)). Suppose 3*r + 9 = 2*c, -13 = 2*r - 3*c - o. Let p = 2 - r. What is the units digit of p?
3
Let l = -27 - -66. What is the tens digit of l?
3
Let i = 144 - 58. What is the tens digit of i?
8
Let r be 4*(30/(-8))/(-5). Suppose 2*i = r*i + 15. Let p = i + 30. What is the units digit of p?
5
Let q(f) = f**3 + f**2 + 14. Let v(c) = c + 10. Let z be v(-10). What is the units digit of q(z)?
4
What is the units digit of ((-192)/(-15))/(-4)*390/(-12)?
4
Let b = 2 + 88. What is the units digit of b?
0
Suppose y = x + 31, 2*y = -x + 32 + 15. Let v = y - 16. Let p = v - 4. What is the units digit of p?
6
Let n = -8 + 32. Suppose -3*r - 3*g + 1 = -5, -3*r + n = -3*g. What is the units digit of r?
5
Let s(t) = 30*t**2 + 2*t - 6. What is the hundreds digit of s(-3)?
2
Let l(p) = -2*p + 2. Let u(f) = f**2 + 3*f - 7. Let b be u(-5). Let x be l(b). Let m = 13 + x. What is the units digit of m?
9
Suppose -5*l = i - 56, 5*i = -4*l + 7*l + 140. What is the units digit of i?
1
Let q(u) = 4*u**3 - 9*u**2 + 2*u. Let x(j) = 4*j**3 - 8*j**2 + j + 1. Let k(c) = 3*q(c) - 4*x(c). Let n be k(4). What is the units digit of 10/(-35) - n/14?
2
Let j(r) = -r**3 - 9*r**2 - 9*r - 6. Let f = -11 + 3. Let u be j(f). Suppose -u*w = w - 27. What is the units digit of w?
9
Let d(w) = -w + 8. Let p be d(7). Let b(k) = 0*k + 0*k - 4*k + 5*k + p. What is the units digit of b(3)?
4
Suppose 0*w = -5*w - 15. What is the units digit of 11 - w/(-3)*3?
8
Suppose 4*y + 2*d - 6 = -2, d - 1 = -y. Let v = y + 0. What is the units digit of v?
1
Let c(s) = 10*s - 1. Suppose 3*p + 3*l = -2*p + 30, 0 = 5*p - 3*l. Suppose -p*i + 4 = i. What is the units digit of c(i)?
9
What is the tens digit of (-2 + -4)/(1/(-6))?
3
Suppose 2*t - t = -3. Let v = 4 - 2. Let w = v - t. What is the units digit of w?
5
What is the units digit of (-4)/(-18) - (-1690)/90?
9
What is the units digit of (-12 - -2)*(-1)/(-2)*-4?
0
Let b(l) = 3*l - 4*l**2 + l**2 + 2*l**3 - l**3. Let h be b(2). What is the units digit of (h/(-6))/1*-3?
1
Suppose 5*h + h - 2064 = 0. What is the hundreds digit of h?
3
Let s(m) = 17*m + 27. Let u(p) = 8*p + 13. Let d(z) = 6*s(z) - 13*u(z). What is the units digit of d(-8)?
9
Let f(k) = -k + 10. Let o be f(6). Let n = o - -20. Suppose 0 = g + 2*g - n. What is the units digit of g?
8
Suppose 0 = -z + 5*a, 4*z + a = 3*z. Suppose z = -4*c + 62 + 42. What is the units digit of c?
6
Suppose 4 = 4*v - 0. Suppose 2*x - 7 = -v. Suppose -x*j + 30 = 3. What is the units digit of j?
9
Let v(l) = -l**2 - l - 3. Let m be v(0). Let s(u) = u**2 - u - 3. Let c(y) = -y**2 + 4. Let d(z) = m*c(z) - 2*s(z). What is the units digit of d(-5)?
9
Suppose -4 = -w + 3*w + r, -5*w = 2*r + 9. Let p = -1 - w. Suppose -4*h + 31 = -n, 4*h + h - 2*n - 38 = p. What is the units digit of h?
8
Let d(b) = 3*b + 10*b + b**2 + 7 - 5*b - b. What is the units digit of d(-10)?
7
Suppose q = 4*h - 7, 1 = -3*h + 4*h. Let c = q - 4. Let j(x) = x**3 + 7*x**2 + x + 8. What is the units digit of j(c)?
1
Let b(n) = 2 - 3 + 7*n - n**3 - 2 + 6 + 6*n**2. Let g be b(7). Suppose 0 = -g*a + 2*a + 20. What is the units digit of a?
0
Let j(h) = -h**3 + 4*h**2 + 2*h - 4. Let v be j(4). Suppose 3*z = 5*f - 20, -3*f - 3 = 2*z + v. What is the units digit of f?
1
Suppose 2*h - 2 + 18 = 0. What is the units digit of (-6)/(-8) + (-34)/h?
5
Let c(a) = -a + 5. Let v be c(-4). Suppose 2*k = -k + v. Suppose -